{"id":4982,"date":"2025-11-11T21:36:10","date_gmt":"2025-11-11T21:36:10","guid":{"rendered":"https:\/\/nesreenbarwari.com\/calaki\/"},"modified":"2025-12-23T08:04:43","modified_gmt":"2025-12-23T08:04:43","slug":"calaki","status":"publish","type":"page","link":"https:\/\/nesreenbarwari.com\/krm\/calaki\/","title":{"rendered":"\u00c7alak\u00ee"},"content":{"rendered":"<div  data-slideshow-options=\"{&quot;animation&quot;:&quot;fade&quot;,&quot;autoplay&quot;:false,&quot;loop_autoplay&quot;:&quot;once&quot;,&quot;interval&quot;:5,&quot;loop_manual&quot;:&quot;manual-endless&quot;,&quot;autoplay_stopper&quot;:false,&quot;noNavigation&quot;:false,&quot;show_slide_delay&quot;:90}\" class='avia-content-slider avia-content-grid-active avia-content-slider1 avia-content-slider-odd  avia-builder-el-0  avia-builder-el-no-sibling  av-slideshow-ui av-control-default   av-no-slider-navigation av-slideshow-manual av-loop-once av-loop-manual-endless '  itemscope=\"itemscope\" itemtype=\"https:\/\/schema.org\/Blog\" ><div class=\"avia-content-slider-inner\"><div class=\"slide-entry-wrap\"><article class='slide-entry flex_column  post-entry post-entry-4873 slide-entry-overview slide-loop-1 slide-parity-odd  av_one_third first real-thumbnail posttype-post post-format-standard'  itemscope=\"itemscope\" itemtype=\"https:\/\/schema.org\/CreativeWork\" ><a href='https:\/\/nesreenbarwari.com\/krm\/calakiya-imzekirina-pirtuke-ya-be-nezik\/' data-rel='slide-1' class='slide-image' title='\u00c7alakiya \u00cemzekirina Pirt\u00fbk\u00ea ya B\u00ea n\u00eaz\u00eek'><img decoding=\"async\" fetchpriority=\"high\" width=\"495\" height=\"400\" src=\"https:\/\/nesreenbarwari.com\/wp-content\/uploads\/2025\/11\/81S6PajWMwL._SL1500_-495x400.jpg\" class=\"wp-image-4829 avia-img-lazy-loading-not-4829 attachment-portfolio size-portfolio wp-post-image\" alt=\"\" srcset=\"https:\/\/nesreenbarwari.com\/wp-content\/uploads\/2025\/11\/81S6PajWMwL._SL1500_-495x400.jpg 495w, https:\/\/nesreenbarwari.com\/wp-content\/uploads\/2025\/11\/81S6PajWMwL._SL1500_-845x684.jpg 845w\" sizes=\"(max-width: 495px) 100vw, 495px\" \/><\/a><div class=\"slide-content\"><header class=\"entry-content-header\" aria-label=\"Slide: \u00c7alakiya \u00cemzekirina Pirt\u00fbk\u00ea ya B\u00ea n\u00eaz\u00eek\"><span class=\"blog-categories minor-meta\"><a href=\"https:\/\/nesreenbarwari.com\/krm\/category\/calaki\/\" rel=\"tag\">\u00c7alak\u00ee<\/a> <\/span><h3 class='slide-entry-title entry-title '  itemprop=\"headline\" ><a href='https:\/\/nesreenbarwari.com\/krm\/calakiya-imzekirina-pirtuke-ya-be-nezik\/' title='\u00c7alakiya \u00cemzekirina Pirt\u00fbk\u00ea ya B\u00ea n\u00eaz\u00eek'>\u00c7alakiya \u00cemzekirina Pirt\u00fbk\u00ea ya B\u00ea n\u00eaz\u00eek<\/a><\/h3><span class=\"av-vertical-delimiter\"><\/span><\/header><\/div><footer class=\"entry-footer\"><\/footer><span class='hidden'>\n\t\t\t\t<span class='av-structured-data'  itemprop=\"image\" itemscope=\"itemscope\" itemtype=\"https:\/\/schema.org\/ImageObject\" >\n\t\t\t\t\t\t<span itemprop='url'>https:\/\/nesreenbarwari.com\/wp-content\/uploads\/2025\/11\/81S6PajWMwL._SL1500_.jpg<\/span>\n\t\t\t\t\t\t<span itemprop='height'>1500<\/span>\n\t\t\t\t\t\t<span itemprop='width'>971<\/span>\n\t\t\t\t<\/span>\n\t\t\t\t<span class='av-structured-data'  itemprop=\"publisher\" itemtype=\"https:\/\/schema.org\/Organization\" itemscope=\"itemscope\" >\n\t\t\t\t\t\t<span itemprop='name'>Nesreen Barwari<\/span>\n\t\t\t\t\t\t<span itemprop='logo' itemscope itemtype='https:\/\/schema.org\/ImageObject'>\n\t\t\t\t\t\t\t<span itemprop='url'>https:\/\/nesreenbarwari.com\/wp-content\/uploads\/2025\/11\/nb-logo-photo-full-colored-font7.png<\/span>\n\t\t\t\t\t\t<\/span>\n\t\t\t\t<\/span><span class='av-structured-data'  itemprop=\"author\" itemscope=\"itemscope\" itemtype=\"https:\/\/schema.org\/Person\" ><span itemprop='name'>Nesreen Barwari<\/span><\/span><span class='av-structured-data'  itemprop=\"datePublished\" datetime=\"2025-11-11T21:36:10+00:00\" >2025-12-17 13:16:40<\/span><span class='av-structured-data'  itemprop=\"dateModified\" itemtype=\"https:\/\/schema.org\/dateModified\" >2026-01-28 14:05:42<\/span><span class='av-structured-data'  itemprop=\"mainEntityOfPage\" itemtype=\"https:\/\/schema.org\/mainEntityOfPage\" ><span itemprop='name'>\u00c7alakiya \u00cemzekirina Pirt\u00fbk\u00ea ya B\u00ea n\u00eaz\u00eek<\/span><\/span><\/span><\/article><article class='slide-entry flex_column  post-entry post-entry-4921 slide-entry-overview slide-loop-2 slide-parity-even  av_one_third  real-thumbnail posttype-post post-format-standard'  itemscope=\"itemscope\" itemtype=\"https:\/\/schema.org\/CreativeWork\" ><a href='https:\/\/nesreenbarwari.com\/krm\/event-3\/' data-rel='slide-1' class='slide-image' title='Event 3'><img decoding=\"async\" fetchpriority=\"high\" width=\"495\" height=\"400\" src=\"https:\/\/nesreenbarwari.com\/wp-content\/uploads\/2025\/11\/13-2-495x400.jpg\" class=\"wp-image-4566 avia-img-lazy-loading-not-4566 attachment-portfolio size-portfolio wp-post-image\" alt=\"\" \/><\/a><div class=\"slide-content\"><header class=\"entry-content-header\" aria-label=\"Slide: Event 3\"><span class=\"blog-categories minor-meta\"><a href=\"https:\/\/nesreenbarwari.com\/krm\/category\/calaki\/\" rel=\"tag\">\u00c7alak\u00ee<\/a> <\/span><h3 class='slide-entry-title entry-title '  itemprop=\"headline\" ><a href='https:\/\/nesreenbarwari.com\/krm\/event-3\/' title='Event 3'>Event 3<\/a><\/h3><span class=\"av-vertical-delimiter\"><\/span><\/header><\/div><footer class=\"entry-footer\"><\/footer><span class='hidden'>\n\t\t\t\t<span class='av-structured-data'  itemprop=\"image\" itemscope=\"itemscope\" itemtype=\"https:\/\/schema.org\/ImageObject\" >\n\t\t\t\t\t\t<span itemprop='url'>https:\/\/nesreenbarwari.com\/wp-content\/uploads\/2025\/11\/13-2.jpg<\/span>\n\t\t\t\t\t\t<span itemprop='height'>640<\/span>\n\t\t\t\t\t\t<span itemprop='width'>960<\/span>\n\t\t\t\t<\/span>\n\t\t\t\t<span class='av-structured-data'  itemprop=\"publisher\" itemtype=\"https:\/\/schema.org\/Organization\" itemscope=\"itemscope\" >\n\t\t\t\t\t\t<span itemprop='name'>Dr. Nesreen Barwari<\/span>\n\t\t\t\t\t\t<span itemprop='logo' itemscope itemtype='https:\/\/schema.org\/ImageObject'>\n\t\t\t\t\t\t\t<span itemprop='url'>https:\/\/nesreenbarwari.com\/wp-content\/uploads\/2025\/11\/nb-logo-photo-full-colored-font7.png<\/span>\n\t\t\t\t\t\t<\/span>\n\t\t\t\t<\/span><span class='av-structured-data'  itemprop=\"author\" itemscope=\"itemscope\" itemtype=\"https:\/\/schema.org\/Person\" ><span itemprop='name'>Dr. Nesreen Barwari<\/span><\/span><span class='av-structured-data'  itemprop=\"datePublished\" datetime=\"2025-11-11T21:36:10+00:00\" >2025-11-13 15:40:40<\/span><span class='av-structured-data'  itemprop=\"dateModified\" itemtype=\"https:\/\/schema.org\/dateModified\" >2025-12-22 21:15:57<\/span><span class='av-structured-data'  itemprop=\"mainEntityOfPage\" itemtype=\"https:\/\/schema.org\/mainEntityOfPage\" ><span itemprop='name'>Event 3<\/span><\/span><\/span><\/article><article class='slide-entry flex_column  post-entry post-entry-4923 slide-entry-overview slide-loop-3 slide-parity-odd  post-entry-last  av_one_third  real-thumbnail posttype-post post-format-standard'  itemscope=\"itemscope\" itemtype=\"https:\/\/schema.org\/CreativeWork\" ><a href='https:\/\/nesreenbarwari.com\/krm\/event-2\/' data-rel='slide-1' class='slide-image' title='Event 2'><img decoding=\"async\" fetchpriority=\"high\" width=\"480\" height=\"400\" src=\"https:\/\/nesreenbarwari.com\/wp-content\/uploads\/2025\/11\/WhatsApp-Image-2025-10-30-at-13.42.45-2-480x400.jpeg\" class=\"wp-image-4564 avia-img-lazy-loading-not-4564 attachment-portfolio size-portfolio wp-post-image\" alt=\"\" \/><\/a><div class=\"slide-content\"><header class=\"entry-content-header\" aria-label=\"Slide: Event 2\"><span class=\"blog-categories minor-meta\"><a href=\"https:\/\/nesreenbarwari.com\/krm\/category\/calaki\/\" rel=\"tag\">\u00c7alak\u00ee<\/a> <\/span><h3 class='slide-entry-title entry-title '  itemprop=\"headline\" ><a href='https:\/\/nesreenbarwari.com\/krm\/event-2\/' title='Event 2'>Event 2<\/a><\/h3><span class=\"av-vertical-delimiter\"><\/span><\/header><\/div><footer class=\"entry-footer\"><\/footer><span class='hidden'>\n\t\t\t\t<span class='av-structured-data'  itemprop=\"image\" itemscope=\"itemscope\" itemtype=\"https:\/\/schema.org\/ImageObject\" >\n\t\t\t\t\t\t<span itemprop='url'>https:\/\/nesreenbarwari.com\/wp-content\/uploads\/2025\/11\/WhatsApp-Image-2025-10-30-at-13.42.45-2.jpeg<\/span>\n\t\t\t\t\t\t<span itemprop='height'>412<\/span>\n\t\t\t\t\t\t<span itemprop='width'>480<\/span>\n\t\t\t\t<\/span>\n\t\t\t\t<span class='av-structured-data'  itemprop=\"publisher\" itemtype=\"https:\/\/schema.org\/Organization\" itemscope=\"itemscope\" >\n\t\t\t\t\t\t<span itemprop='name'>Dr. Nesreen Barwari<\/span>\n\t\t\t\t\t\t<span itemprop='logo' itemscope itemtype='https:\/\/schema.org\/ImageObject'>\n\t\t\t\t\t\t\t<span itemprop='url'>https:\/\/nesreenbarwari.com\/wp-content\/uploads\/2025\/11\/nb-logo-photo-full-colored-font7.png<\/span>\n\t\t\t\t\t\t<\/span>\n\t\t\t\t<\/span><span class='av-structured-data'  itemprop=\"author\" itemscope=\"itemscope\" itemtype=\"https:\/\/schema.org\/Person\" ><span itemprop='name'>Dr. Nesreen Barwari<\/span><\/span><span class='av-structured-data'  itemprop=\"datePublished\" datetime=\"2025-11-11T21:36:10+00:00\" >2025-11-13 15:39:41<\/span><span class='av-structured-data'  itemprop=\"dateModified\" itemtype=\"https:\/\/schema.org\/dateModified\" >2025-12-22 21:16:09<\/span><span class='av-structured-data'  itemprop=\"mainEntityOfPage\" itemtype=\"https:\/\/schema.org\/mainEntityOfPage\" ><span itemprop='name'>Event 2<\/span><\/span><\/span><\/article><\/div><\/div><div class='pagination-wrap pagination-slider'><nav class='pagination'><span class='pagination-meta'>Page 1 of 2<\/span><span class='current'>1<\/span><a href='https:\/\/nesreenbarwari.com\/krm\/wp-json\/wp\/v2\/pages\/4982\/?avia-element-paging=2' class='inactive next_page' >2<\/a><\/nav>\n<\/div><\/div>\n","protected":false},"excerpt":{"rendered":"","protected":false},"author":1,"featured_media":0,"parent":0,"menu_order":0,"comment_status":"closed","ping_status":"closed","template":"","meta":{"_uag_custom_page_level_css":"","footnotes":""},"class_list":["post-4982","page","type-page","status-publish","hentry"],"_hostinger_reach_plugin_has_subscription_block":false,"_hostinger_reach_plugin_is_elementor":false,"uagb_featured_image_src":{"full":false,"thumbnail":false,"medium":false,"medium_large":false,"large":false,"1536x1536":false,"2048x2048":false,"widget":false,"square":false,"featured":false,"featured_large":false,"extra_large":false,"portfolio":false,"portfolio_small":false,"gallery":false,"magazine":false,"masonry":false,"entry_with_sidebar":false,"entry_without_sidebar":false},"uagb_author_info":{"display_name":"Dr. Nesreen Barwari","author_link":"https:\/\/nesreenbarwari.com\/krm\/author\/blndxpgmail-com\/"},"uagb_comment_info":0,"uagb_excerpt":null,"_links":{"self":[{"href":"https:\/\/nesreenbarwari.com\/krm\/wp-json\/wp\/v2\/pages\/4982","targetHints":{"allow":["GET"]}}],"collection":[{"href":"https:\/\/nesreenbarwari.com\/krm\/wp-json\/wp\/v2\/pages"}],"about":[{"href":"https:\/\/nesreenbarwari.com\/krm\/wp-json\/wp\/v2\/types\/page"}],"author":[{"embeddable":true,"href":"https:\/\/nesreenbarwari.com\/krm\/wp-json\/wp\/v2\/users\/1"}],"replies":[{"embeddable":true,"href":"https:\/\/nesreenbarwari.com\/krm\/wp-json\/wp\/v2\/comments?post=4982"}],"version-history":[{"count":1,"href":"https:\/\/nesreenbarwari.com\/krm\/wp-json\/wp\/v2\/pages\/4982\/revisions"}],"predecessor-version":[{"id":4983,"href":"https:\/\/nesreenbarwari.com\/krm\/wp-json\/wp\/v2\/pages\/4982\/revisions\/4983"}],"wp:attachment":[{"href":"https:\/\/nesreenbarwari.com\/krm\/wp-json\/wp\/v2\/media?parent=4982"}],"curies":[{"name":"wp","href":"https:\/\/api.w.org\/{rel}","templated":true}]}}